t n(x) = -78*x**2 + 3515*x - 107. Give n(45).
118
Let m(a) = -4*a**3 - 156*a**2 + 363*a + 1401. Calculate m(-41).
-34
Let x(y) = 19825*y - 59521. What is x(3)?
-46
Let a(x) = 3740*x + 72922. Determine a(-20).
-1878
Let f(p) = -46*p**3 + 52*p**2 + 68*p + 16. Calculate f(2).
-8
Let s(l) = 2*l**3 + 9*l**2 - 96*l + 8. What is s(7)?
463
Let p(o) = 62859*o - 19674865. Determine p(313).
2
Let l(g) = 3*g**3 - 8*g**2 + 2790*g + 14327. Calculate l(-5).
-198
Let x(c) = -244*c + 3923. What is x(13)?
751
Let y(f) = 30*f**2 - 1548*f + 9255. What is y(6)?
1047
Let u(f) = -21*f**2 - 228*f + 374. Determine u(-14).
-550
Let j(v) = -v**3 - 70*v**2 - 209*v + 1050. Calculate j(-68).
6014
Let w(p) = 1193*p + 24787. What is w(-18)?
3313
Let b(r) = 291*r**2 + 43356*r - 48. What is b(-149)?
399
Let i(f) = 5*f**3 + 3*f**2 - 353*f + 1452. What is i(4)?
408
Let n(u) = 7*u**2 - 25490*u + 1872379. Give n(75).
4
Let j(u) = 273*u**2 + 156155*u - 586. Determine j(-572).
-14
Let h(g) = -4967*g - 3660667. Calculate h(-737).
12
Let d(w) = 3*w**3 - 374*w**2 + 8656*w - 751. Calculate d(94).
1
Let p(b) = -2*b**2 + 1675*b + 15398. What is p(-9)?
161
Let a(j) = -j**3 + 4*j**2 + 30*j + 89. Calculate a(-10).
1189
Let k(g) = -118796*g - 831568. Determine k(-7).
4
Let m(n) = -n**3 + 81*n**2 - 184*n - 1562. Give m(6).
34
Let t(p) = 2371*p - 11352. What is t(5)?
503
Let m(t) = 2397*t - 26389. What is m(11)?
-22
Let p(a) = 3*a**3 + 20*a**2 + 37*a + 138. Calculate p(-6).
-12
Let g(y) = 10*y**2 - 7*y + 29. Give g(3).
98
Let r(s) = 23469*s + 1126492. Give r(-48).
-20
Let r(k) = -1431*k + 9650. Determine r(8).
-1798
Let t(f) = -567*f + 119202. Calculate t(210).
132
Let z(k) = 5546*k + 443577. Determine z(-80).
-103
Let r(v) = 10138*v + 30827. Determine r(-3).
413
Let s(w) = -543*w + 26139. What is s(48)?
75
Let s(p) = 11530*p + 207236. Give s(-18).
-304
Let r(b) = -b**2 + 1029*b - 162631. What is r(195)?
-1
Let v(w) = -16402*w - 852912. Determine v(-52).
-8
Let r(q) = -459395*q + 4593957. Determine r(10).
7
Let u(n) = 77*n**2 - 1088*n + 3406. Calculate u(4).
286
Let i(a) = 4*a**2 - 230*a - 371. What is i(59)?
-17
Let k(j) = j**3 - 3*j**2 - 1396*j - 6783. Give k(-5).
-3
Let w(k) = 125*k - 1888. Calculate w(17).
237
Let t(g) = g**3 - 435*g**2 + 2581*g - 3015. Determine t(429).
-12
Let x(v) = -v**3 + 59*v**2 + 152*v - 2077. What is x(61)?
-247
Let x(i) = -1393*i + 138853. Calculate x(100).
-447
Let g(j) = 150*j**2 - 8089*j - 184. Determine g(54).
410
Let c(y) = y**3 + 305*y**2 + 3230*y - 1244. Calculate c(-294).
-68
Let h(y) = -y**2 + 3002*y - 115559. Determine h(39).
-2
Let g(d) = 227*d**2 - 115550*d + 3550. Calculate g(509).
-13
Let d(l) = 11421*l + 468253. Give d(-41).
-8
Let m(p) = 3499*p + 150480. Give m(-43).
23
Let q(v) = 4*v**2 - 729*v - 10616. Determine q(-14).
374
Let y(w) = -23187*w - 46300. Calculate y(-2).
74
Let y(h) = 230*h**2 - 12706*h - 12708. Give y(-1).
228
Let p(t) = -466*t**3 + 14*t**2 + 35*t - 116. Give p(2).
-3718
Let b(t) = -t**2 + 294*t - 18444. What is b(81)?
-1191
Let y(v) = -v**3 + 613*v**2 - 374563. Calculate y(612).
-19
Let t(f) = 18*f - 3071. Determine t(172).
25
Let z(h) = 3*h**2 + 205*h - 3623. Determine z(17).
729
Let f(v) = v**2 - 11*v + 193. What is f(8)?
169
Let g(w) = 141150*w - 988123. Determine g(7).
-73
Let t(s) = 100*s**3 - 792*s**2 - 67*s + 18. Give t(8).
-6
Let o(h) = 96*h**2 + 14818*h - 24654. Give o(-156).
-6
Let d(l) = -3*l**2 - 61*l + 3141. Give d(24).
-51
Let v(q) = q**3 + 75*q**2 - 207*q + 196. Determine v(-78).
-1910
Let d(x) = 36487*x - 182698. Give d(5).
-263
Let t(i) = i**2 - 15873548*i - 47620652. Calculate t(-3).
1
Let y(h) = -2*h**3 - 205*h**2 - 4358*h - 1. Calculate y(-30).
239
Let d(n) = 505*n + 49399. What is d(-98)?
-91
Let v(b) = 1836918*b - 1836932. What is v(1)?
-14
Let d(y) = -2*y**3 + 107*y**2 - 131*y - 144. Determine d(2).
6
Let p(r) = 2*r**2 + 612*r + 44258. Determine p(-187).
-248
Let r(c) = 290*c - 18464. Give r(61).
-774
Let y(t) = 4*t**3 - 108*t**2 - 235*t - 103. What is y(29)?
-190
Let h(q) = 9510*q + 1055606. Give h(-111).
-4
Let x(o) = o**2 - 654*o - 14766. Calculate x(-22).
106
Let r(l) = 333478*l + 41684769. What is r(-125)?
19
Let z(x) = -x**3 - 256*x**2 - 1702*x + 10237. Give z(-249).
28
Let o(g) = 554*g - 10338. What is o(19)?
188
Let r(y) = -668*y**2 - 4691*y - 11. What is r(-7)?
94
Let g(o) = 1540*o**2 + 20009*o - 39. Determine g(-13).
104
Let o(v) = -v**3 - 340*v**2 + 5714*v - 323. Give o(16).
-35
Let w(q) = -q**2 - 358*q - 19143. Determine w(-66).
129
Let i(r) = -r**3 - 26*r**2 - 24*r + 293. What is i(-24)?
-283
Let x(o) = 471*o - 45235. Calculate x(96).
-19
Let q(c) = -c**3 + 90*c**2 + 257*c - 6324. Determine q(92).
392
Let f(v) = 20589*v - 206149. Determine f(10).
-259
Let b(f) = 5*f**3 - 93*f**2 - 2048*f + 74. Determine b(-13).
-4
Let g(p) = 78*p**2 - 10919*p - 502. Give g(140).
-362
Let n(f) = -12*f**2 - 68*f + 266. Determine n(9).
-1318
Let k(u) = -58*u - 72. What is k(-10)?
508
Let v(c) = 61*c**3 + 1469*c**2 + 149*c + 690. What is v(-24)?
-6
Let c(t) = -30498*t + 60987. Determine c(2).
-9
Let h(k) = k**3 + 29*k**2 - 111*k - 5804. Determine h(-22).
26
Let d(w) = -252*w**3 - w**2 + 453*w + 898. Determine d(-2).
2004
Let g(c) = -117*c**3 + 60253*c**2 + 1039*c - 4652. Give g(515).
-17
Let v(h) = -h**3 - 33*h**2 + 246*h + 9602. Give v(-31).
54
Let k(v) = -v**2 + 136*v - 715. What is k(5)?
-60
Let t(o) = -3495*o + 447388. Calculate t(128).
28
Let x(s) = -12985*s - 6531503. Determine x(-503).
-48
Let k(u) = 1330*u + 31441. Calculate k(-23).
851
Let n(r) = -102*r - 32848. Determine n(-336).
1424
Let w(j) = 6*j**2 + 1319*j - 28427. Calculate w(-240).
613
Let h(i) = -i**2 + 2454*i + 130220. What is h(-52)?
-92
Let n(h) = -15*h**3 + 904*h**2 - 239*h - 61. Give n(60).
-1
Let z(v) = -50921*v - 895. Calculate z(0).
-895
Let c(g) = -18*g**3 + 2*g**2 - 56*g - 193. What is c(-3)?
479
Let a(s) = s**2 - 1208*s - 397250. What is a(-269)?
63
Let h(k) = -1018*k - 100951. What is h(-100)?
849
Let y(k) = k**2 + 74*k - 949. Give y(-89).
386
Let q(n) = 642*n**2 + 16040*n - 244. Give q(-25).
6
Let o(y) = -140*y**2 + 718*y + 4. Determine o(5).
94
Let z(q) = 2*q**2 + 32*q - 252. Determine z(-26).
268
Let y(o) = 791*o - 266359. Give y(337).
208
Let w(f) = -4*f**3 - 65*f**2 + 14*f - 601. Calculate w(-17).
28
Let k(j) = -9*j**2 - 104*j + 780. Calculate k(9).
-885
Let j(v) = 247*v**2 - 3628*v - 1104. What is j(15)?
51
Let q(r) = 3554*r**2 + 376717*r - 738. Calculate q(-106).
4
Let y(u) = -4313*u - 34448. What is y(-8)?
56
Let i(s) = s**2 + 163*s + 2723. Determine i(-19).
-13
Let c(a) = -218*a + 2435. Calculate c(14).
-617
Let n(v) = 101*v + 70. What is n(1)?
171
Let l(u) = 55*u**3 - 17*u**2 - 474*u + 474. Calculate l(1).
38
Let k(p) = p**3 - 219*p**2 - 194*p - 5712. Calculate k(220).
8
Let u(a) = -3*a**2 + 4523*a + 72542. Determine u(-16).
-594
Let h(n) = -15*n**2 + 12*n + 151. What is h(12)?
-1865
Let q(z) = -7400*z - 162582. Give q(-22).
218
Let n(s) = 3*s**3 - 34*s**2 + 18*s + 224. Give n(11).
301
Let r(i) = -62962*i + 566650. Calculate r(9).
-8
Let s(l) = 6*l**3 + 1106*l**2 + 11767*l + 496. Give s(-173).
-23
Let g(i) = -1275*i + 521459. Calculate g(409).
-16
Let p(r) = -3*r**2 + 87*r - 179. Give p(35).
-809
Let u(q) = 3*q**2 - 15422*q + 46250. Calculate u(3).
11
Let p(o) = 8*o**2 - 48*o + 399. What is p(12)?
975
Let s(c) = c**3 + 832*c**2 - 95238*c - 3064. Calculate s(102).
-4
Let u(i) = 220071*i - 3521115. Calculate u(16).
21
Let l(b) = -b**3 + 7771*b**2 + 109011*b + 314. Give l(-14).
20
Let o(k) = -214779*k - 859100. Calculate o(-4).
16
Let t(n) = -n**3 + 10*n**2 - 5973*n - 11. Give t(0).
-11
Let q(r) = 7*r**2 + 1362*r + 5341. Give q(-4).
5
Let u(c) = c**2 - 4499*c - 18007. Determine u(-4).
5
Let w(v) = 636*v + 55257. Give w(-87).
-75
Let r(b) = 571879*b - 7434428. Give r(13).
-1
Let s(u) = -476*u - 15813. What is s(-33)?
-105
Let g(l) = 3*l**3 + 145*l**2 - 1167*l - 45842. Calculate g(-50).
8
Let j(y) = y**3 + 22*y**2 - 93*y - 914. Give j(-16).
2110
Let i(h) = -19*h**3 - h**2 + 686*h - 684. Calculate i(1).
-18
Let l(k) = 3*k**3 - 9*k**2 - 1048*k + 5174. Calculate l(5).
84
Let w(d) = 2260*d + 6094. Determine w(-3).
-686
Let i(l) = l**3 - 70*l**2 + 219*l - 49. What is i(3)?
5
Let j(x) = x**3 + 26*x**2 - 483*x + 3065. Determine j(-40